{"text_format":"1","workbook":"xlsx","n_sheets":3,"sheets":["Travel Reimbursement Master","Allowable Meal Calculations","RISD Mileage Chart"],"not_rendered":{"charts":0,"images":46,"macros":1,"external_links":0,"defined_names":39,"comments":1,"pivot_tables":0},"unopened":[],"bounds":{"document_bytes":16777216,"sheet_cells":100000,"rows_first":2000,"rows_last":500,"rows_between":2000,"halvings":0,"cell_chars":16384,"cell_head_chars":4096},"cells_cut":0,"cells_raw":0,"read":"whole","date_system":"1900"}

{"sheet":"Travel Reimbursement Master","index":0,"n_rows":77,"n_cols":19,"rows_kept":77,"cut":false,"hidden":false,"merged":[[65,9,65,10],[66,9,66,10],[67,9,67,10],[68,9,68,10],[76,9,76,10],[63,9,63,10],[33,9,33,10],[17,9,17,10],[34,9,34,10],[35,9,35,10],[36,9,36,10],[39,9,39,10],[57,9,57,10],[58,9,58,10],[59,9,59,10],[60,9,60,10],[61,9,61,10],[58,6,58,7],[59,6,59,7],[40,8,40,10],[28,5,28,6],[30,5,30,6],[31,5,31,6],[32,5,32,6],[33,5,33,6],[28,9,28,10],[29,9,29,10],[30,9,30,10],[31,9,31,10],[32,9,32,10],[41,5,41,6],[43,9,43,10],[38,8,38,10],[76,1,76,2],[39,3,39,4],[19,4,19,6],[2,0,2,12],[3,0,3,12],[4,0,4,12],[8,1,8,10],[15,1,15,10],[11,3,11,4],[13,3,13,4],[76,4,76,7],[22,8,22,10],[23,8,23,10],[57,6,57,7],[61,6,61,7],[60,6,60,7],[29,5,29,6],[11,7,11,10],[13,7,13,10],[19,7,19,8],[20,4,20,6],[20,7,20,8],[17,4,17,7]]}
[]
[null,null,null,null,"using tab key will move you from field to field easily"]
["DIRECTIONS:  Fill in ALL YELLOW fields only.  Print. Sign on Blue Shading.  "]
["Attach Proper documents, Obtain Proper signatures, submit to Business office."]
["Further instructions are in the green boxes"]
[]
[null,null,null,null,null,null,"Allowable Mileage Chart is on the 3rd tab"]
[null,null,null,null,null,null,"Your reimbursement will be calculated automatically"]
[null,"TRAVEL REIMBURSEMENT VOUCHER"]
[null,null,null,null,null,null,null,null,null,null,"v1.60"]
[]
[null,null,"Payee",null,null,"School or Location"]
[]
[null,null,"Title",null,null,null,"Mailing address"]
[]
[null,"For reimbursement of travel and other expenses incurred in the discharge of official duty as itemized and authorized by the Superintendent of Schools.  I do swear that the below account and itemization are just and true in all respects and that I have not received any additional reimbursement from any other source (Section 10-8-4, NMSA 1978)"]
[]
[null,null,null,"Signature of Payee:",null,null,null,null,"Date:","2022-08-18"]
[]
[]
[]
[]
[null,null,null,"Date of Departure:",null,null,"Time of departure"]
[null,null,null,"Date of Return:",null,null,"Time of return"]
[null,null,null,"Trip Totals",0,"Days",null,"00:00:00","Hrs"]
[]
[]
[]
[null,null,null,"I. PER DIEM (beyond normal 8-5 work day)","Out of District Travel Less than 24 hours","In State Travel    24 hrs or more",null,"Santa Fe           24 hrs or more","Out of State        24 hours or more","Per Diem Amount"]
[null,null,null,"Daily Rate (24 hrs)","N/A",155,null,202,155]
[0,null,null,"0 to 2 hours","N/A","N/A",null,"N/A","N/A"]
[1,null,null,"2 to 6 hours",20,"N/A",null,"N/A","N/A"]
[0,null,null,"6 to 12 hours",42,"N/A",null,"N/A","N/A"]
[null,null,null,"12 or more hours",59,"N/A",null,"N/A","N/A"]
[null,null,null,null,null,null,null,null,"Per Diem Total",{"$f":"SUM(J30:J34)","v":0}]
[null,null,null,null,null,null,null,null,null,0]
[null,null,null,null,null,null,null,null,"Net Per Diem",{"$f":"J35+MealReduc","v":0}]
[null,null,null,"II. TRANSPORTATION: (complete section only if applicable)"]
[null,null,null,null,null,null,null,"Rate",null,null,null,0,0,0]
[null,null,null,"Total Allowable miles from RISD Chart ",null,null,null,0.45,"Total Mileage",0,null,null,{"$f":"IF(D48=\"\",\"\",D48)","v":""},{"$f":"IF(E48=\"\",\"\",E48)","v":""},{"$f":"IF(F48=\"\",0,F48)","v":0},{"$f":"IF(G48=\"\",0,G48)","v":0},{"$f":"IF(G48=\"\",0,MIN(G48,ROUND(F48*0.2,2)))","v":0},0,"Enter a Valid Date for This Receipt"]
[null,null,null,"OR ","Beginning",null,"Ending",null,null,null,null,null,{"$f":"IF(D49=\"\",\"\",D49)","v":""},{"$f":"IF(E49=\"\",\"\",E49)","v":""},{"$f":"IF(F49=\"\",0,F49)","v":0},{"$f":"IF(G49=\"\",0,G49)","v":0},{"$f":"IF(G49=\"\",0,MIN(G49,ROUND(F49*0.2,2)))","v":0},0,"Enter a Valid Date for This Receipt"]
[null,null,null,"     Odometer Reading","N/A","N/A",null,0,null,null,null,null,"","",0,0,0,0,"Enter a Valid Date for This Receipt"]
[null,null,null,"III. MISCELLANEOUS EXPENSES",null,null,null,null,null,null,null,null,"","",0,0,0,0,"Enter a Valid Date for This Receipt"]
[null,null,null,null,null,null,null,null,"Enter non-receipt amount:",0,null,null,"","",0,0,0,14.93,"Cost Exceeded Maximum For 24 Hour Period# 2"]
[null,null,null,null,null,null,null,null,null,null,null,null,"","",0,0,0,0,"Receipt Date is Excluded by Partial Day Per Diem Rules"]
[null,null,null,null,null,null,null,null,null,null,null,null,"","",0,0,0]
[null,null,null,"Vendor","Date and Time","Food","Tip","Vendor","Date and Time","Food","Tip",null,"","",0,0,0]
[null,null,null,null,null,null,null,null,null,null,null,null,"","",0,0,0]
[null,null,null,null,null,null,null,null,null,null,null,null,{"$f":"IF(H48=\"\",\"\",H48)","v":""},{"$f":"IF(I48=\"\",\"\",I48)","v":""},{"$f":"IF(J48=\"\",0,J48)","v":0},{"$f":"IF(K48=\"\",0,K48)","v":0},{"$f":"IF(K48=\"\",0,MIN(K48,ROUND(J48*0.2,2)))","v":0},0,"Receipt Date Not Within Travel Dates"]
[null,null,null,null,null,null,null,null,null,null,null,null,{"$f":"IF(H49=\"\",\"\",H49)","v":""},{"$f":"IF(I49=\"\",\"\",I49)","v":""},{"$f":"IF(J49=\"\",0,J49)","v":0},{"$f":"IF(K49=\"\",0,K49)","v":0},{"$f":"IF(K49=\"\",0,MIN(K49,ROUND(J49*0.2,2)))","v":0},0,"Actual Meals not Allowed on Per Diem"]
[null,null,null,null,null,null,null,null,null,null,null,null,"","",0,0,0,0,"Actual Meals not Allowed on Per Diem"]
[null,null,null,null,null,null,null,null,null,null,null,null,"","",0,0,0]
[null,null,null,null,null,null,null,null,null,null,null,null,"","",0,0,0]
[null,null,null,null,null,null,null,null,null,null,null,null,"","",0,0,0]
[null,null,null,null,null,null,null,null,null,null,null,null,"","",0,0,0]
[null,null,null,null,null,null,null,null,null,null,null,null,"","",0,0,0]
[null,null,null,null,null,null,null,null,"Claimed",null,null,null,"","",0,0,0]
[null,null,null,null,null,null,"Allowable Actual Meals",null,{"$f":"SUM(F48:G56,J48:K56)","v":0},0]
[null,null,null,null,"Other Receipts:",null,"Hotel/Lodging",null,null,0]
[null,null,null,"If claiming actual receipts, please list",null,null,"Parking"]
[null,null,null,"in the section to the right",null,null,"Airfare"]
[]
[]
[null,null,null,null,"ALL receipts MUST be attached if applicable",null,null,null,"Total of Receipts",{"$f":"SUM(J59:J62)+J58","v":0}]
[]
[null,null,null,null,null,null,null,null,"TOTAL AMOUNT OF CLAIM:",{"$f":"J37+J40+J44+J64","v":0}]
[null,null,null,null,null,null,null,null,"80% ADVANCE:",0]
[null,null,null,null,null,null,null,null,"MINUS PREVIOUS ADVANCE RECEIVED:",0]
[null,null,null,null,null,null,null,null,"TOTAL AMOUNT FOR CHECK REQUEST:",{"$f":"IF(J67<>0,J67,(J66-J68))","v":0}]
[]
[null,null,null,null,"ALL REIMBURSEMENTS SUBJECT TO AUTHORIZED BOARD OF EDUCATION REDUCTION"]
[]
[null,null,null,null,"IV. PRINCIPAL OR SUPERVISOR SIGNATURE:"]
[]
[null,null,null,null,"V. FUND APPROVAL SIGNATURE:"]
[]
[null,{"$f":"K10","v":"v1.60"},null,"ACCT#",null,null,null,null,"ALLOC/SCHL#"]

{"sheet":"Allowable Meal Calculations","index":1,"n_rows":27,"n_cols":6,"rows_kept":27,"cut":false,"hidden":false,"merged":[]}
[null,"Maximum Actual Allowable Meals"]
[]
[null,"Actual Meals Allowance is Calculated for each 24 hour period beginning with Departure Date and Time."]
[null,"Maximum In State Rate for 24 hours is $59, Out of State is $59.  Tips cannot exceed 20%."]
[]
[]
[null,"Meal Receipts Calculation of Allowable Amount"]
[null,"Vendor","Date","Amount","Allowable"]
[null,{"$f":"'Travel Reimbursement Master'!M40","v":""},{"$f":"'Travel Reimbursement Master'!N40","v":""},{"$f":"IF(C9=\"\",\"\",'Travel Reimbursement Master'!O40+'Travel Reimbursement Master'!P40)","v":""},{"$f":"IF(AND(B9=\"\",C9=\"\"),\"\",'Travel Reimbursement Master'!R40)","v":""},{"$f":"IF(C9=\"\",\"\",'Travel Reimbursement Master'!S40)","v":""}]
[null,{"$f":"'Travel Reimbursement Master'!M41","v":""},{"$f":"'Travel Reimbursement Master'!N41","v":""},{"$f":"IF(C10=\"\",\"\",'Travel Reimbursement Master'!O41+'Travel Reimbursement Master'!P41)","v":""},{"$f":"IF(AND(B10=\"\",C10=\"\"),\"\",'Travel Reimbursement Master'!R41)","v":""},{"$f":"IF(C10=\"\",\"\",'Travel Reimbursement Master'!S41)","v":""}]
[null,{"$f":"'Travel Reimbursement Master'!M42","v":""},{"$f":"'Travel Reimbursement Master'!N42","v":""},{"$f":"IF(C11=\"\",\"\",'Travel Reimbursement Master'!O42+'Travel Reimbursement Master'!P42)","v":""},{"$f":"IF(AND(B11=\"\",C11=\"\"),\"\",'Travel Reimbursement Master'!R42)","v":""},{"$f":"IF(C11=\"\",\"\",'Travel Reimbursement Master'!S42)","v":""}]
[null,{"$f":"'Travel Reimbursement Master'!M43","v":""},{"$f":"'Travel Reimbursement Master'!N43","v":""},{"$f":"IF(C12=\"\",\"\",'Travel Reimbursement Master'!O43+'Travel Reimbursement Master'!P43)","v":""},{"$f":"IF(AND(B12=\"\",C12=\"\"),\"\",'Travel Reimbursement Master'!R43)","v":""},{"$f":"IF(C12=\"\",\"\",'Travel Reimbursement Master'!S43)","v":""}]
[null,{"$f":"'Travel Reimbursement Master'!M44","v":""},{"$f":"'Travel Reimbursement Master'!N44","v":""},{"$f":"IF(C13=\"\",\"\",'Travel Reimbursement Master'!O44+'Travel Reimbursement Master'!P44)","v":""},{"$f":"IF(AND(B13=\"\",C13=\"\"),\"\",'Travel Reimbursement Master'!R44)","v":""},{"$f":"IF(C13=\"\",\"\",'Travel Reimbursement Master'!S44)","v":""}]
[null,{"$f":"'Travel Reimbursement Master'!M45","v":""},{"$f":"'Travel Reimbursement Master'!N45","v":""},{"$f":"IF(C14=\"\",\"\",'Travel Reimbursement Master'!O45+'Travel Reimbursement Master'!P45)","v":""},{"$f":"IF(AND(B14=\"\",C14=\"\"),\"\",'Travel Reimbursement Master'!R45)","v":""},{"$f":"IF(C14=\"\",\"\",'Travel Reimbursement Master'!S45)","v":""}]
[null,{"$f":"'Travel Reimbursement Master'!M46","v":""},{"$f":"'Travel Reimbursement Master'!N46","v":""},{"$f":"IF(C15=\"\",\"\",'Travel Reimbursement Master'!O46+'Travel Reimbursement Master'!P46)","v":""},{"$f":"IF(AND(B15=\"\",C15=\"\"),\"\",'Travel Reimbursement Master'!R46)","v":""},{"$f":"IF(C15=\"\",\"\",'Travel Reimbursement Master'!S46)","v":""}]
[null,{"$f":"'Travel Reimbursement Master'!M47","v":""},{"$f":"'Travel Reimbursement Master'!N47","v":""},{"$f":"IF(C16=\"\",\"\",'Travel Reimbursement Master'!O47+'Travel Reimbursement Master'!P47)","v":""},{"$f":"IF(AND(B16=\"\",C16=\"\"),\"\",'Travel Reimbursement Master'!R47)","v":""},{"$f":"IF(C16=\"\",\"\",'Travel Reimbursement Master'!S47)","v":""}]
[null,{"$f":"'Travel Reimbursement Master'!M48","v":""},{"$f":"'Travel Reimbursement Master'!N48","v":""},{"$f":"IF(C17=\"\",\"\",'Travel Reimbursement Master'!O48+'Travel Reimbursement Master'!P48)","v":""},{"$f":"IF(AND(B17=\"\",C17=\"\"),\"\",'Travel Reimbursement Master'!R48)","v":""},{"$f":"IF(C17=\"\",\"\",'Travel Reimbursement Master'!S48)","v":""}]
[null,{"$f":"'Travel Reimbursement Master'!M49","v":""},{"$f":"'Travel Reimbursement Master'!N49","v":""},{"$f":"IF(C18=\"\",\"\",'Travel Reimbursement Master'!O49+'Travel Reimbursement Master'!P49)","v":""},{"$f":"IF(AND(B18=\"\",C18=\"\"),\"\",'Travel Reimbursement Master'!R49)","v":""},{"$f":"IF(C18=\"\",\"\",'Travel Reimbursement Master'!S49)","v":""}]
[null,{"$f":"'Travel Reimbursement Master'!M50","v":""},{"$f":"'Travel Reimbursement Master'!N50","v":""},{"$f":"IF(C19=\"\",\"\",'Travel Reimbursement Master'!O50+'Travel Reimbursement Master'!P50)","v":""},{"$f":"IF(AND(B19=\"\",C19=\"\"),\"\",'Travel Reimbursement Master'!R50)","v":""},{"$f":"IF(C19=\"\",\"\",'Travel Reimbursement Master'!S50)","v":""}]
[null,{"$f":"'Travel Reimbursement Master'!M51","v":""},{"$f":"'Travel Reimbursement Master'!N51","v":""},{"$f":"IF(C20=\"\",\"\",'Travel Reimbursement Master'!O51+'Travel Reimbursement Master'!P51)","v":""},{"$f":"IF(AND(B20=\"\",C20=\"\"),\"\",'Travel Reimbursement Master'!R51)","v":""},{"$f":"IF(C20=\"\",\"\",'Travel Reimbursement Master'!S51)","v":""}]
[null,{"$f":"'Travel Reimbursement Master'!M52","v":""},{"$f":"'Travel Reimbursement Master'!N52","v":""},{"$f":"IF(C21=\"\",\"\",'Travel Reimbursement Master'!O52+'Travel Reimbursement Master'!P52)","v":""},{"$f":"IF(AND(B21=\"\",C21=\"\"),\"\",'Travel Reimbursement Master'!R52)","v":""},{"$f":"IF(C21=\"\",\"\",'Travel Reimbursement Master'!S52)","v":""}]
[null,{"$f":"'Travel Reimbursement Master'!M53","v":""},{"$f":"'Travel Reimbursement Master'!N53","v":""},{"$f":"IF(C22=\"\",\"\",'Travel Reimbursement Master'!O53+'Travel Reimbursement Master'!P53)","v":""},{"$f":"IF(AND(B22=\"\",C22=\"\"),\"\",'Travel Reimbursement Master'!R53)","v":""},{"$f":"IF(C22=\"\",\"\",'Travel Reimbursement Master'!S53)","v":""}]
[null,{"$f":"'Travel Reimbursement Master'!M54","v":""},{"$f":"'Travel Reimbursement Master'!N54","v":""},{"$f":"IF(C23=\"\",\"\",'Travel Reimbursement Master'!O54+'Travel Reimbursement Master'!P54)","v":""},{"$f":"IF(AND(B23=\"\",C23=\"\"),\"\",'Travel Reimbursement Master'!R54)","v":""},{"$f":"IF(C23=\"\",\"\",'Travel Reimbursement Master'!S54)","v":""}]
[null,{"$f":"'Travel Reimbursement Master'!M55","v":""},{"$f":"'Travel Reimbursement Master'!N55","v":""},{"$f":"IF(C24=\"\",\"\",'Travel Reimbursement Master'!O55+'Travel Reimbursement Master'!P55)","v":""},{"$f":"IF(AND(B24=\"\",C24=\"\"),\"\",'Travel Reimbursement Master'!R55)","v":""},{"$f":"IF(C24=\"\",\"\",'Travel Reimbursement Master'!S55)","v":""}]
[null,{"$f":"'Travel Reimbursement Master'!M56","v":""},{"$f":"'Travel Reimbursement Master'!N56","v":""},{"$f":"IF(C25=\"\",\"\",'Travel Reimbursement Master'!O56+'Travel Reimbursement Master'!P56)","v":""},{"$f":"IF(AND(B25=\"\",C25=\"\"),\"\",'Travel Reimbursement Master'!R56)","v":""},{"$f":"IF(C25=\"\",\"\",'Travel Reimbursement Master'!S56)","v":""}]
[null,{"$f":"'Travel Reimbursement Master'!M57","v":""},{"$f":"'Travel Reimbursement Master'!N57","v":""},{"$f":"IF(C26=\"\",\"\",'Travel Reimbursement Master'!O57+'Travel Reimbursement Master'!P57)","v":""},{"$f":"IF(AND(B26=\"\",C26=\"\"),\"\",'Travel Reimbursement Master'!R57)","v":""},{"$f":"IF(C26=\"\",\"\",'Travel Reimbursement Master'!S57)","v":""}]
[null,"Totals",null,{"$f":"SUM(D9:D26)","v":0},{"$f":"SUM(E9:E26)","v":0}]

{"sheet":"RISD Mileage Chart","index":2,"n_rows":118,"n_cols":90,"rows_kept":118,"cut":false,"hidden":false,"merged":[[0,0,0,32],[3,0,3,32]]}
["Table of Distances"]
[]
[]
["Distances are computed following the shortest and most feasible route.  All distances are compiled from the Google Maps API."]
[]
["   ","Roswell, NM","Alamogordo, NM","Albuquerque, NM","Alpine, TX","Amarillo, TX","Anthony, NM","Artesia, NM","Arlington, TX","Aurora, CO","Austin, TX","Aztec, NM","Belen, NM 87002","Bernalillo, NM","Canyon, TX","Carlsbad, NM","Carrizozo, NM","Chama, NM","Chaparral, NM","Cimarron, NM","Clayton, NM","Cloudcroft, NM","Clovis, NM","Cuba, NM","Dallas, TX 75201","Deming, NM","Denver, CO","Dexter, NM 88230","El Paso, TX","Espanola, NM","Estancia, NM","Eunice, NM","Farmington, NM","Ft. Sumner, NM","Gallup, NM","Glorietta, NM","Grapevine, TX","Grants, NM","Gunnison, CO","Greeley, CO","Hagerman, NM","Hatch, NM","Hereford, TX","Hobbs, NM","Hondo, NM","Hurley, NM","Jal, NM","Laredo, TX 78040","Las Cruces, NM","Las Vegas, NM","Las Vegas, NV","Lordsburg, NM","Los Alamos, NM","Los Lunas, NM","Loving, NM 88256","Lovington, NM 88260","Lubbock, TX","Mescalero, NM","Midland, TX","Mora, NM","Mountainair, NM 87036","Moriarty, NM","Odessa, TX","Orlando, FL","Park City, UT","Phoenix, AZ","Pueblo, CO","Portales, NM","Raton, NM","Red River, NM","Reserve, NM","Rio Rancho, NM","Roy, NM","Ruidoso, NM","San Antonio, TX","San Patricio, NM","Santa Fe, NM","Santa Rosa, NM","Santa Teresa, NM","Silver City, NM","Socorro, NM","Springer, NM","Taos, NM","Tierra Amarillo, NM","Truth or Consequences, NM","Tucson, AZ","Tucumcari, NM","Tularosa, NM","Vaughn, NM","Zuni, NM"]
["Roswell, NM",null,117,198,272,214,205,41,474,502.2,507,375,198,214,197,76,90,299,190,270,273,116,111,279,492,243,505,17,205,218,154,132,379,84,336,190,483,276,469,566,24,218,166,116,47.9,281,148,579,184,179,773.6,304,226,223,89,95,174,87,207,210,155,163,201,1583,795,571,390,92,286,273,293,213,254,75,514,50.6,192,134,212,295,165,245,257,285,217,457,161,104,96,349]
["Alamogordo, NM",117,null,211,299,350,92,110,null,null,null,386,176,225,313,147,58,325,73,315,349,20,226,291,583,126,549,126,89,244,153,203,390,196,325,216,574,265,495,610,123,101,281,188,null,164,219,686,68,223,null,187,252,189,159,175,291,31,285,254,140,169,277,null,null,454,435,207,330,317,262,225,299,51,630,null,218,178,96,179,133,290,289,311,137,340,238,13,138,319]
["Albuquerque, NM",198,211,null,487,286,249,245,null,null,null,179,35,18,295,280,153,169,257,215,273,223,219,83,646,235,450,216,268,88,55,336,183,159,140,76,625,80,339,510,223,187,273,314,null,271,352,783,225,124,null,296,97,26,293,293,319,214,405,154,64,38,400,null,null,422,335,228,231,169,207,18,199,183,712,null,65,115,262,238,78,190,133,155,150,449,174,198,102,154]
["Alpine, TX",272,299,487,null,404,241,224,null,null,null,663,453,502,385,188,360,568,238,539,504,322,318,567,495,322,774,249,220,487,423,169,667,353,601,459,485,542,738,835,244,303,363,188,null,360,146,383,266,448,null,382,495,466,176,212,282,333,165,478,424,432,143,null,null,650,659,299,555,542,471,501,466,339,378,null,461,403,233,374,410,514,526,554,339,536,394,315,365,596]
["Amarillo, TX",214,350,286,404,null,437,260,null,null,null,462,320,301,19,284,292,387,422,240,132,325,106,367,364,475,434,230,438,306,267,243,467,166,424,272,340,364,445,450,237,473,48,220,null,556,277,616,417,238,null,536,314,311,289,209,124,300,239,269,276,251,259,null,null,705,320,123,215,281,492,301,174,287,499,null,280,172,444,523,363,214,295,372,436,689,115,336,211,437]
["Anthony, NM",205,92,249,241,437,null,202,null,null,null,424,214,263,404,183,149,414,14,406,440,111,317,328,657,83,641,217,22,333,259,250,428,287,362,321,646.9,302,584,701,214,64,373,252,null,121,245,628,27,315,null,143,341,227,187,256,361,122,326,345,236,286,304,null,null,411,526,298,422,414,232,262,390,142,573,null,309,270,14,135,171,381,378,400,100,297,329,105,230,356]
["Arlington, TX",474,null,null,null,null,null,null,null,null,null,null,null,null,null,null,null,null,null,null,null,null,null,null,null,null,null,null,null,null,null,null,null,null,null,null,464]
["Artesia, NM",41,110,245,224,260,202,null,null,null,null,420,244,259,243,36,130,344,183,316,318,90,156,325,473,236,550,26,204,264,200,92,425,130,382,236,17,322,515,611,20,212,211,77,null,274,108,539,178,224,null,297,272,269,49,65,172,101,175,255,201,209,167,null,null,565,436,137,331,318,333,259,300,115,487,null,238,179,218,289,205,291,302,330,257,450,206,116,142,395]
["Aurora, CO",502]
["Austin, TX",507,null,null,null,null,null,null,null,null,null,null,null,null,null,null,null,null,null,null,null,null,null,null,null,null,null,null,null,null,null,null,null,null,null,null,210]
["Aztec, NM",375,386,179,663,462,424,420,null,null,null,null,211,161,471,456,329,106,433,261,413,399,395,96,822,411,362,392,443,170,230,512,18,335,126,217,798,152,207,421,399,363,449,490,null,446,528,959,400,265,null,471,188,201,468,469,495,390,581,232,240,214,576,null,null,406,296,404,305,226,290,167,340,358,888,null,206,291,438,388,253,331,209,118,326,457,350,373,278,162]
["Belen, NM 87002",198,176,35,453,320,214,244,null,null,null,211,null,50,330,279,119,201,223,247,304,189,226,115,681,201,481,215,233,120,66,335,215,166,149,108,656,89,371,542,222,153,307,314,null,236,351,840,190,155,null,261,128,10,292,293,326,180,405,186,43,73,399,null,null,430,366,235,262,201,173,49,231,148,784,null,96,150,228,203,43,222,164,187,116,415,208,163,108,163]
["Bernalillo, NM",214,225,18,502,301,263,259,null,null,null,161,50,null,310,295,168,152,272,198,256,238,234,65,661,250,433,231,282,72,70,351,165,174,153,59,637,93,322,494,238,202,288,329,null,285,367,798,239,107,null,311,80,40,308,308,334,229,420,138,79,54,415,null,null,434,318,243,214,152,222,14,183,197,727,null,48,130,277,252,93,173,116,138,165,464,189,212,117,166]
["Canyon, TX",197,313,295,385,19,404,243,null,null,null,471,330,310,null,266,301,395,385,250,142,308,88,375,379,445,445,213,400,315,275,221,475,148,432,281,350,373,455,505,220,413,31,202,null,483,258,606,379,246,null,505,323,320,271,192,105,282,220,278,285,259,240,null,null,714,330,105,225,291,501,310,183,270,489,null,288,180,407,497,372,225,325,381,444,659,124,299,220,446]
["Carlsbad, NM",76,147,280,188,284,183,36,null,null,null,456,279,295,266,null,166,380,177,352,348,127,181,360,458,263,586,62,169,299,235,68,460,166,417,272,449,357,550,647,56,244,235,70,null,301,70,503,207,260,null,324,307,304,13,74,179,137,150,291,236,244,135,null,null,591,472,161,367,354,369,295,336,151,451,null,273,215,183,315,241,327,338,366,280,477,242,153,178,431]
["Carrizozo, NM",90,58,153,360,292,149,130,null,null,null,329,119,168,301,166,null,267,130,257,291,70,199,233,582,183,492,107,146,186,96,222,333,138,267,159,573,207,437,553,114,165,256,207,null,221,238,669,125,166,null,244,194,131,178,185,264,61,297,197,83,112,291,null,null,454,377,180,273,260,204,167,242,31,617,null,160,121,153,215,76,232,231,253,128,397,180,45,81,261]
["Chama, NM",299,325,169,568,387,414,344,null,null,null,106,201,152,395,380,267,null,424,150,257,337,319,74,746,401,312,316,434,81,175,436,112,259,224,126,722,195,213,373,322,354,373,414,null,437,452,883,391,173,null,462,99,192,392,393,419,328,505,143,198,159,500,null,null,504,197,328,206,123,373,162,249,296,812,null,106,215,428,404,244,175,95,15,317,615,274,311,202,261]
["Chaparral, NM",190,73,257,238,422,14,183,null,null,null,433,223,272,385,177,130,424,null,387,421,92,298,337,654,92,622,198,25,342,226,241,437,268,371,288,644,311,593,682,195,73,354,243,null,130,237,625,36,296,null,152,350,236,178,247,352,103,323,326,213,242,302,null,null,420,507,279,403,423,241,271,371,123,570,null,318,251,27,144,180,362,387,409,109,306,310,86,211,365]
["Cimarron, NM",270,315,215,539,240,406,316,null,null,null,261,247,198,250,352,257,150,387,null,108,327,220,173,600,447,261,288,403,99,206,408,265,202,350,139,576,290,271,321,294,399,239,346,null,482,423,824,382,93,null,507,116,237,364,326,320,318,428,70,229,190,423,null,null,631,146,238,42,41,419,207,71,287,707,null,159,158,410,449,289,26,55,135,362,661,163,302,177,363]
["Clayton, NM",273,349,273,504,132,440,318,null,null,null,413,304,256,142,348,291,257,421,108,null,362,168,318,492,504,302,289,438,242,263,335,418,195,407,197,468,347,313,363,296,456,142,313,null,539,358,737,417,151,null,565,250,294,353,274,245,353,360,157,286,247,365,null,null,688,188,186,83,149,476,265,88,321,620,null,216,172,445,506,347,82,163,243,419,718,112,337,211,420]
["Cloudcroft, NM",116,20,223,322,325,111,90,null,null,null,399,189,238,308,127,70,337,92,327,362,null,221,303,563,146,562,106,108,256,166,182,403,195,337,229,554,277,507,623,102,121,277,168,null,184,198,630,87,236,null,207,265,202,139,155,262,21,265,267,153,182,257,null,null,474,447,202,343,330,274,237,312,46,577,null,230,191,115,198,146,302,301,323,157,360,250,26,151,331]
["Clovis, NM",111,226,219,318,106,317,156,null,null,null,395,226,234,88,181,199,319,298,220,168,221,null,300,449,352,454,127,314,239,182,152,400,60,357,205,407,297,465,515,133,327,58,128,null,390,173,605,293,171,null,412,247,244,186,107,101,196,209,202,183,184,204,null,null,638,340,19,235,261,378,234,149,184,488,null,213,105,321,404,248,194,249,306,321,566,83,213,118,370]
["Cuba, NM",279,291,83,567,367,328,325,null,null,null,96,115,65,375,360,233,74,337,173,318,303,300,null,726,315,407,296,347,82,135,416,100,239,150,121,702,120,312,473,303,267,353,394,null,350,432,863,304,169,null,376,100,105,373,374,400,294,486,144,144,119,480,null,null,431,292,308,276,154,259,71,245,262,792,null,110,195,342,317,158,235,120,61,230,529,254,277,182,185]
["Dallas, TX 75201",492,583,646,495,364,657,473,null,null,null,822,681,661,379,458,582,746,654,600,492,563,449,726,null,738,797,501,636,666,627,391,827,510,784,632,23,724,808,815,485,719,401,397,null,776,398,430,682,598,null,799,674,671,458,419,347,581,332,629,633,611,354,null,null,1066,683,455,578,644,786,662,535,568,275,null,640,532,649,790,658,577,676,733,710,952,476,597,568,798]
["Deming, NM",243,126,235,322,475,83,236,null,null,null,411,201,250,445,263,183,401,92,447,504,146,352,315,738,null,681,251,102,320,246,330,415,321,349,308,727,289,571,742,248,48,407,332,null,38,326,708,61,355,null,61,328,213,268,300,417,156,406,386,223,273,385,null,null,329,566,332,462,401,150,249,431,176,653,null,296,304,96,53,157,422,364,387,86,214,363,139,264,281]
["Denver, CO",505,549,450,774,434,641,550,null,null,null,362,481,433,445,586,492,312,622,261,302,562,454,407,797,681,null,521,637,335,440,641,380,436,584,373,769,524,201,64,528,632,443,580,null,716,657,1039,616,327,null,741,353,471,598,559,546,552,662,334,463,424,657,null,null,865,116,472,219,277,652,441,305,520,922,null,392,392,643,683,523,259,289,326,595,894,397,535,410,597]
["Dexter, NM 88230",17,126,216,249,230,217,26,null,null,null,392,215,231,213,62,107,316,198,288,289,106,127,296,501,251,521,null,214,241,176,109,401,107,358,213,490,299,491,583,7,227,182,95,null,290,133,565,194,201,null,313,249,246,74,74,181,104,192,232,177,185,184,null,null,580,413,108,308,295,310,236,277,92,512,null,214,156,221,305,182,268,279,307,234,466,177,121,119,372]
["El Paso, TX",205,89,268,220,438,22,204,null,null,null,443,233,282,400,169,146,434,25,403,438,108,314,347,636,102,637,214,null,352,241,236,447,284,382,340,626,322,603,698,223,83,369,238,null,140,232,607,46,311,null,163,360,246,174,242,347,119,305,342,255,257,284,null,null,430,523,295,418,433,252,282,387,139,552,null,329,266,13,154,190,378,397,419,119,316,326,101,226,376]
["Espanola, NM",218,244,88,487,306,333,264,null,null,null,170,120,72,315,299,186,81,342,99,242,256,239,82,666,320,335,241,352,null,94,355,174,178,224,45,641,164,251,396,242,273,292,333,null,356,371,802,310,93,null,381,18,111,311,312,338,247,424,70,117,78,419,null,null,505,221,247,140,82,293,82,168,215,731,null,26,134,348,323,163,159,46,67,236,535,193,230,121,237]
["Estancia, NM",154,153,55,423,267,259,200,null,null,null,230,66,70,275,235,96,175,226,206,263,166,182,135,627,246,440,176,241,94,null,291,235,122,192,67,602,132,346,501,178,197,253,269,null,281,307,738,235,114,null,306,103,79,248,249,282,157,361,145,23,16,355,null,null,473,326,191,221,176,217,69,190,125,667,null,69,96,272,248,88,181,139,162,160,459,154,140,64,205]
["Eunice, NM",132,203,336,169,243,250,92,null,null,null,512,335,351,221,68,222,436,241,408,335,182,152,416,391,330,641,109,236,355,291,null,516,205,473,327,381,413,606,702,103,312,191,20,null,368,23,479,275,316,null,391,363,360,73,45,125,219,82,347,292,300,73,null,null,659,527,132,423,410,425,351,300,207,413,null,329,250,250,383,296,345,394,422,347,544,228,208,234,487]
["Farmington, NM",379,390,183,667,467,428,425,null,null,null,18,215,165,475,460,333,112,437,265,418,403,400,100,827,415,380,401,447,174,235,516,null,339,111,221,801,137,222,436,402,366,452,494,null,388,531,963,403,268,null,415,192,204,472,473,499,393,585,236,244,218,579,null,null,391,309,408,375,246,275,170,344,362,892,null,209,295,441,373,257,335,213,124,329,442,353,377,282,147]
["Ft. Sumner, NM",84,196,159,353,166,287,130,null,null,null,335,166,174,148,166,138,259,268,202,195,195,60,239,510,321,436,107,284,178,122,205,339,null,297,145,468,237,447,498,108,297,118,181,null,360,226,665,263,111,null,383,187,184,178,160,160,170,269,142,123,123,264,null,null,578,322,69,218,205,317,174,187,157,548,null,152,44,291,348,188,177,189,245,260,536,82,183,58,310]
["Gallup, NM",336,325,140,601,424,362,382,null,null,null,126,149,153,432,417,267,224,371,350,407,337,357,150,784,349,584,358,382,224,192,473,111,297,null,211,760,62,334,645,360,301,410,452,null,270,489,921,339,258,null,297,231,140,430,431,457,328,543,289,193,176,537,null,null,283,470,366,365,304,157,143,334,297,850,null,199,253,376,255,192,325,267,212,264,335,311,312,240,37]
["Glorietta, NM",190,216,76,459,272,321,236,null,null,null,217,108,59,281,272,159,126,288,139,197,229,205,121,632,308,373,213,340,45,67,327,221,145,211,null,607,151,297,435,214,260,258,306,null,343,343,774,297,48,null,368,54,98,284,285,305,219,397,79,90,51,391,null,null,492,259,214,155,126,279,68,124,188,692,null,20,101,334,310,150,114,90,112,223,521,159,203,94,224]
["Grapevine, TX",483,574,625,485,340,646.9,464,17,null,210,798,656,637,350,449,573,722,644,576,468,554,407,702,23,727,769,490,626,641,602,381,801,468,760,607,null,700,780,790,484,709,376,387,null,756.6,388,445.3,672,556,null,788,649,647,454,407,337,570,321,586,612,586,344,null,null,1055,656,413,551,617,776,636,510,558,290,null,615,508,639,780,647,550,633,707,701,946,449,587,547,773]
["Grants, NM",276,265,80,542,364,302,322,null,null,null,152,89,93,373,357,207,195,311,290,347,277,297,120,724,289,524,299,322,164,132,413,137,237,62,151,700,null,359,585,300,241,350,392,null,253,429,860,278,198,null,280,171,79,370,371,397,268,483,229,132,116,477,null,null,344,409,306,305,243,140,83,274,237,789,null,139,192,316,238,132,264,207,181,204,371,251,252,180,76]
["Gunnison, CO",469,495,339,738,445,584,515,null,null,null,207,371,322,455,550,437,213,593,271,313,507,465,312,808,571,201,491,603,251,346,606,222,447,334,297,780,359,null,259,475,507,454,567,null,590,605,1050,544,287,null,615,252,345,545,546,558,481,658,257,351,312,653,null,null,608,162,481,230,215,526,315,316,449,933,null,259,368,581,557,397,270,210,211,470,724,408,464,355,370]
["Greeley, CO",566,610,510,835,450,701,611,null,null,null,421,542,494,505,647,553,373,682,321,363,623,515,473,815,742,64,583,698,396,501,702,436,498,645,435,790,585,259,null,590,694,505,681,null,777,720,1111,677,389,null,802,414,532,659,660,610,614,725,395,524,485,728,null,null,880,177,533,280,338,714,503,366,582,994,null,454,454,705,744,585,321,350,388,657,956,458,597,472,658]
["Hagerman, NM",24,123,223,244,237,214,20,null,null,null,399,222,238,220,56,114,322,195,294,296,102,133,303,485,248,528,7,223,242,178,103,402,108,360,214,484,300,475,590,null,224,189,88,null,286,130,559,190,208,null,309,255,252,68,68,175,111,186,239,184,192,177,null,null,576,420,115,315,302,317,243,284,99,507,null,221,163,217,301,188,275,286,314,241,462,184,128,126,379]
["Hatch, NM",218,101,187,303,473,64,212,null,null,null,363,153,202,413,244,165,354,73,399,456,121,327,267,719,48,632,227,83,273,197,312,366,297,301,260,709,241,507,694,224,null,382,313,null,83,307,690,40,307,null,109,280,165,249,275,392,131,388,338,175,225,366,null,null,376,518,307,414,352,195,201,383,151,634,null,248,280,78,98,109,374,316,338,38,262,360,114,240,295]
["Hereford, TX",166,281,273,363,48,373,211,null,null,null,449,307,288,31,235,256,373,354,239,142,277,58,353,401,407,443,182,369,292,253,191,452,118,410,258,376,350,454,505,189,382,null,172,null,445,217,605,349,225,null,468,301,298,240,161,101,251,210,255,241,237,224,null,null,692,329,75,224,278,435,288,166,239,489,null,266,158,376,459,306,212,303,359,378,621,102,268,175,424]
["Hobbs, NM",116,188,314,188,220,252,77,null,null,null,490,314,329,202,70,207,414,243,346,313,168,128,394,397,332,580,95,238,333,269,20,494,181,452,306,387,392,567,681,88,313,172,null,null,370,42,498,276,294,null,393,342,339,75,21,109,204,98,325,270,278,90,null,null,660,466,108,362,388,410,329,275,192,430,null,307,225,252,384,282,321,372,400,334,546,204,194,212,465]
["Hondo, NM",47.9]
["Hurley, NM",281,164,271,360,556,121,274,null,null,null,446,236,285,483,301,221,437,130,482,539,184,390,350,776,38,716,290,140,356,281,368,388,360,270,343,756.6,253,590,777,286,83,445,370,null,null,364,746,99,390,null,59,363,249,306,338,454,194,444,421,258,308,423,null,null,328,602,370,497,436,112,284,466,214,691,null,331,341,134,15,193,457,400,422,122,214,401,177,301,244]
["Jal, NM",148,219,352,146,277,245,108,null,null,null,528,351,367,258,70,238,452,237,423,358,198,173,432,398,326,657,133,232,371,307,23,531,226,489,343,388,429,605,720,130,307,217,42,null,364,null,456,270,332,null,387,379,376,61,66,155,209,80,363,308,316,65,null,null,654,543,153,439,426,441,367,321,223,388,null,345,270,246,379,312,399,410,438,343,540,249,224,250,503]
["Laredo, TX 78040",579,686,783,383,616,628,539,null,null,null,959,840,798,606,503,669,883,625,824,737,630,605,863,430,708,1039,565,607,802,738,479,963,665,921,774,445.3,860,1050,1111,559,690,605,498,null,746,456,null,651,763,null,767,811,850,491,530,517,640,408,794,739,747,424,null,null,1034,951,625,846,879,856,798,767,654,156,null,776,724,618,759,794,813,841,869,723,920,703,700,681,934]
["Las Cruces, NM",184,68,225,266,417,27,178,null,null,null,400,190,239,379,207,125,391,36,382,417,87,293,304,682,61,616,194,46,310,235,275,403,263,339,297,672,278,544,677,190,40,349,276,null,99,270,651,null,290,null,121,317,202,212,242,358,98,351,321,212,262,329,null,null,388,502,274,397,389,210,238,366,118,597,null,285,245,40,113,146,357,353,375,75,274,304,80,205,332]
["Las Vegas, NM",179,223,124,448,238,315,224,null,null,null,265,155,107,246,260,166,173,296,93,151,236,171,169,598,355,327,201,311,93,114,316,268,111,258,48,556,198,287,389,208,307,225,294,null,390,332,763,290,null,null,416,101,145,273,274,271,227,386,30,137,98,380,null,null,540,213,180,109,93,327,116,77,195,658,null,67,67,318,357,198,68,77,160,270,569,107,210,85,272]
["Las Vegas, NV",773.6]
["Lordsburg, NM",304,187,296,382,536,143,297,null,null,null,471,261,311,505,324,244,462,152,507,565,207,412,376,799,61,741,313,163,381,306,391,415,383,297,368,788,280,615,802,309,109,468,393,null,59,387,767,121,416,null,null,388,273,328,360,477,216,467,446,283,333,445,null,null,269,626,392,522,460,132,309,491,236,713,null,356,364,156,44,217,482,424,446,146,155,423,199,324,263]
["Los Alamos, NM",226,252,97,495,314,341,272,null,null,null,188,128,80,323,307,194,99,350,116,250,265,247,100,674,328,353,249,360,18,103,363,192,187,231,54,649,171,252,414,255,280,301,342,null,363,379,811,317,101,null,388,null,119,320,320,346,255,432,87,125,86,427,null,null,513,238,255,208,100,301,90,176,223,739,null,34,142,356,331,171,167,64,85,244,543,201,238,129,245]
["Los Lunas, NM",223,189,26,466,311,227,269,null,null,null,201,10,40,320,304,131,192,236,237,294,202,244,105,671,213,471,246,246,111,79,360,204,184,140,98,647,79,345,532,252,165,298,339,null,249,376,850,202,145,null,273,119,null,317,318,344,192,430,176,53,63,425,null,null,421,357,253,252,191,185,39,221,161,797,null,86,140,240,216,56,212,155,177,128,427,199,176,127,153]
["Loving, NM 88256",89,159,293,176,289,187,49,null,null,null,468,292,308,271,13,178,392,178,364,353,139,186,373,458,268,598,74,174,311,248,73,472,178,430,284,454,370,545,659,68,249,240,75,null,306,61,491,212,273,null,328,320,317,null,79,184,149,140,303,249,257,125,null,null,596,484,167,380,367,381,307,348,163,439,null,286,228,187,320,253,339,350,379,285,482,255,165,190,443]
["Lovington, NM 88260",95,175,293,212,209,256,65,null,null,null,469,293,308,192,74,185,393,247,326,274,155,107,374,419,300,559,74,242,312,249,45,473,160,431,285,407,371,546,660,68,275,161,21,null,338,66,530,242,274,null,360,320,318,79,null,107,182,120,304,250,258,112,null,null,629,446,87,341,367,388,308,255,170,446,null,287,205,256,353,259,300,351,379,312,514,183,181,191,444]
["Lubbock, TX",174,291,319,282,124,361,172,null,null,null,495,326,334,105,179,264,419,352,320,245,262,101,400,347,417,546,181,347,338,282,125,499,160,457,305,337,397,558,610,175,392,101,109,null,454,155,517,358,271,null,477,346,344,184,107,null,261,117,302,283,284,138,null,null,738,435,106,330,360,467,334,249,249,385,null,313,205,363,469,338,294,349,406,391,631,184,278,218,470]
["Mescalero, NM",87,31,214,333,300,122,101,null,null,null,390,180,229,282,137,61,328,103,318,353,21,196,294,581,156,552,104,119,247,157,219,393,170,328,219,570,268,481,614,111,131,251,204,null,194,209,640,98,227,null,216,255,192,149,182,261,null,294,258,144,173,289,null,null,485,438,177,334,321,265,228,303,21,588,null,221,182,126,209,137,294,292,314,168,371,241,18,142,322]
["Midland, TX",207,285,405,165,239,326,175,null,null,null,581,405,420,220,150,297,505,323,428,360,265,209,486,332,406,662,192,305,424,361,82,585,269,543,397,321,483,658,725,186,388,210,98,null,444,80,408,351,386,null,467,432,430,140,120,117,294,null,416,362,370,20,null,null,735,551,199,446,469,500,420,357,282,325,null,399,314,318,459,371,403,463,491,424,621,293,292,303,556]
["Mora, NM",210,254,154,478,269,345,255,null,null,null,232,186,138,278,291,197,143,326,70,157,267,202,144,629,386,334,232,342,70,145,347,236,142,289,79,586,229,257,395,239,338,255,325,null,421,363,794,321,30,null,446,87,176,303,304,302,258,416,null,168,129,411,null,null,571,220,211,115,63,358,147,84,226,689,null,98,98,349,388,229,75,47,129,301,600,138,241,116,303]
["Mountainair, NM 87036",155,140,64,424,276,236,201,null,null,null,240,43,79,285,236,83,198,213,229,286,153,183,144,633,223,463,177,255,117,23,292,244,123,193,90,612,132,351,524,184,175,241,270,null,258,308,739,212,137,null,283,125,53,249,250,283,144,362,168,null,39,356,null,null,444,349,192,244,198,194,79,213,112,668,null,92,105,249,225,65,204,162,184,137,436,164,127,65,206]
["Moriarty, NM",163,169,38,432,251,286,209,null,null,null,214,73,54,259,244,112,159,242,190,247,182,184,119,611,273,424,185,257,78,16,300,218,123,176,51,586,116,312,485,192,225,237,278,null,308,316,747,262,98,null,333,86,63,257,258,284,173,370,129,39,null,364,null,null,457,310,193,206,160,245,53,174,141,677,null,53,80,300,275,115,165,123,146,188,487,138,156,67,189]
["Odessa, TX",201,277,400,143,259,304,167,null,null,null,576,399,415,240,135,291,500,302,423,365,257,204,480,354,385,657,184,284,419,355,73,579,264,537,391,344,477,653,728,177,366,224,90,null,423,65,424,329,380,null,445,427,425,125,112,138,289,20,411,356,364,null,null,null,713,543,194,438,464,494,415,352,276,341,null,393,308,296,437,366,397,458,486,402,599,287,283,298,551]
["Orlando, FL",1583]
["Park City, UT",795]
["Phoenix, AZ",571,454,422,650,705,411,565,null,null,null,406,430,434,714,591,454,504,420,631,688,474,638,431,1066,329,865,580,430,505,473,659,391,578,283,492,1055,344,608,880,576,376,692,660,null,328,654,1034,388,540,null,269,513,421,596,629,738,485,735,571,444,457,713,null,null,null,750,646,646,584,286,424,614,504,981,null,480,533,424,313,378,605,548,492,414,116,592,467,520,280]
["Pueblo, CO",390,435,335,659,320,526,436,null,null,null,296,366,318,330,472,377,197,507,146,188,447,340,292,683,566,116,413,523,221,326,527,309,322,470,259,656,409,162,177,420,518,329,466,null,602,543,951,502,213,null,626,238,357,484,446,435,438,551,220,349,310,543,null,null,750,null,359,106,164,539,328,192,407,809,null,279,279,530,570,410,146,176,213,482,781,284,422,297,484]
["Portales, NM",92,207,228,299,123,298,137,null,null,null,404,235,243,105,161,180,328,279,238,186,202,19,308,455,332,472,108,295,247,191,132,408,69,366,214,413,306,481,533,115,307,75,108,null,370,153,625,274,180,null,392,255,253,167,87,106,177,199,211,192,193,194,null,null,646,359,null,253,274,383,244,167,165,493,null,222,114,302,385,254,213,258,315,306,547,92,194,127,380]
["Raton, NM",286,330,231,555,215,422,331,null,null,null,305,262,214,225,367,273,206,403,42,83,343,235,276,578,462,219,308,418,140,221,423,375,218,365,155,551,305,230,280,315,414,224,362,null,497,439,846,397,109,null,522,208,252,380,341,330,334,446,115,244,206,438,null,null,646,106,253,null,82,433,222,85,301,703,null,173,173,424,463,304,40,96,176,376,675,178,316,191,378]
["Red River, NM",273,317,169,542,281,414,318,null,null,null,226,201,152,291,354,260,123,423,41,149,330,261,154,644,401,277,295,433,82,176,410,246,205,304,126,617,243,215,338,302,352,278,388,null,436,426,879,389,93,null,460,100,191,367,367,360,321,469,63,198,160,464,null,null,584,164,274,82,null,373,162,112,289,748,null,106,161,428,404,244,67,36,109,316,615,204,304,179,318]
["Reserve, NM",293,262,207,471,492,232,333,null,null,null,290,173,222,501,369,204,373,241,419,476,274,378,259,786,150,652,310,252,293,217,425,275,317,157,279,776,140,526,714,317,195,435,410,null,112,441,856,210,327,null,132,301,185,381,388,467,265,500,358,194,245,494,null,null,286,539,383,433,373,null,208,403,234,803,null,268,300,246,98,129,394,336,358,201,246,380,248,260,136]
["Rio Rancho, NM",213,225,18,501,301,262,259,null,null,null,167,49,14,310,295,167,162,271,207,265,237,234,71,662,249,441,236,282,82,69,351,170,174,143,68,636,83,315,503,243,201,288,329,null,284,367,798,238,116,null,309,90,39,307,308,334,228,420,147,79,53,415,null,null,424,328,244,222,162,208,null,192,197,726,null,57,130,276,251,92,182,125,147,164,463,188,212,117,157]
["Roy, NM",254,299,199,466,174,390,300,null,null,null,340,231,183,183,336,242,249,371,71,88,312,149,245,535,431,305,277,387,168,190,300,344,187,334,124,510,274,316,366,284,383,166,275,null,466,321,767,366,77,null,491,176,221,348,255,249,303,357,84,213,174,352,null,null,614,192,167,85,112,403,192,null,271,636,null,143,143,394,433,274,46,107,236,346,645,92,286,161,347]
["Ruidoso, NM",75,51,183,339,287,142,115,null,null,null,358,148,197,270,151,31,296,123,287,321,46,184,262,568,176,520,92,139,215,125,207,362,157,297,188,558,237,449,582,99,151,239,192,null,214,223,654,118,195,null,236,223,161,163,170,249,21,282,226,112,141,276,null,null,504,407,165,301,289,234,197,271,null,602,null,190,150,146,229,105,262,260,282,157,391,209,38,110,291]
["San Antonio, TX",514,630,712,378,499,573,487,null,null,null,888,784,727,489,451,617,812,570,707,620,577,488,792,275,653,922,512,552,731,667,413,892,548,850,692,290,789,933,994,507,634,489,430,null,691,388,156,597,658,null,713,739,797,439,446,385,588,325,689,668,677,341,null,null,981,809,493,703,748,803,726,636,602,null,null,704,592,564,705,741,681,736,797,670,867,571,646,608,861]
["San Patricio, NM",50.6]
["Santa Fe, NM",192,218,65,461,280,309,238,null,null,null,206,96,48,288,273,160,106,318,159,216,230,213,110,640,296,392,214,329,26,69,329,209,152,199,20,615,139,259,454,221,248,266,307,null,331,345,776,285,67,null,356,34,86,286,287,313,221,399,98,92,53,393,null,null,480,279,222,173,106,268,57,143,190,704,null,null,108,323,298,139,133,70,92,211,510,167,204,95,213]
["Santa Rosa, NM",134,178,115,403,172,270,179,null,null,null,291,150,130,180,215,121,215,251,158,172,191,105,195,532,304,392,156,266,134,96,250,295,44,253,101,508,192,368,454,163,280,158,225,null,341,270,724,245,67,null,364,142,140,228,205,205,182,314,98,105,80,308,null,null,533,279,114,173,161,300,130,143,150,592,null,108,null,273,352,192,134,145,201,265,518,60,165,40,266]
["Santa Teresa, NM",212,96,262,233,444,14,218,null,null,null,438,228,277,407,183,153,428,27,410,445,115,321,342,649,96,643,221,13,348,272,250,441,291,376,334,639,316,581,705,217,78,376,252,null,134,246,618,40,318,null,156,356,240,187,256,363,126,318,349,249,300,296,null,null,424,530,302,424,428,246,276,394,146,564,null,323,273,null,148,184,385,391,413,113,310,332,108,233,370]
["Silver City, NM",295,179,238,374,523,135,289,null,null,null,388,203,252,497,315,215,404,144,449,506,198,404,317,790,53,683,305,154,323,248,383,373,348,255,310,780,238,557,744,301,98,459,384,null,15,379,759,113,357,null,44,331,216,320,353,469,209,459,388,225,275,437,null,null,313,570,385,463,404,98,251,433,229,705,null,298,352,148,null,160,424,367,389,89,199,410,191,290,229]
["Socorro, NM",165,133,78,410,363,171,205,null,null,null,253,43,93,372,241,76,244,180,289,347,146,248,158,658,157,523,182,190,163,88,296,257,188,192,150,647,132,397,585,188,109,306,282,null,193,312,794,146,198,null,217,171,56,253,259,338,137,371,229,65,115,366,null,null,378,410,254,304,244,129,92,274,105,741,null,139,192,184,160,null,264,207,229,72,371,251,120,130,187]
["Springer, NM",245,290,190,514,214,381,291,null,null,null,331,222,173,225,327,232,175,362,26,82,302,194,235,577,422,259,268,378,159,181,345,335,177,325,114,550,264,270,321,275,374,212,321,null,457,399,813,357,68,null,482,167,212,339,300,294,294,403,75,204,165,397,null,null,605,146,213,40,67,394,182,46,262,681,null,133,134,385,424,264,null,82,163,337,636,137,277,152,338]
["Taos, NM",257,289,133,526,295,378,302,null,null,null,209,164,116,325,338,231,95,387,55,163,301,249,120,676,364,289,279,397,46,139,394,213,189,267,90,633,207,210,350,286,316,303,372,null,400,410,841,353,77,null,424,64,155,350,351,349,292,463,47,162,123,458,null,null,548,176,258,96,36,336,125,107,260,736,null,70,145,391,367,207,82,null,81,280,579,185,275,166,282]
["Tierra Amarillo, NM",285,311,155,554,372,400,330,null,null,null,118,187,138,381,366,253,15,409,135,243,323,306,61,733,387,326,307,419,67,162,422,124,245,212,112,707,181,211,388,314,338,359,400,null,422,438,869,375,160,null,446,85,177,379,379,406,314,491,129,184,146,486,null,null,492,213,315,176,109,358,147,236,282,797,null,92,201,413,389,229,163,81,null,302,601,259,297,188,246]
["Truth or Consequences, NM",217,137,150,339,436,100,257,null,null,null,326,116,165,444,280,128,317,109,362,419,157,321,230,710,86,595,234,119,236,160,347,329,260,264,223,701,204,470,657,241,38,378,334,null,122,343,723,75,270,null,146,244,128,285,312,391,168,424,301,137,188,402,null,null,414,482,306,376,316,201,164,346,157,670,null,211,265,113,89,72,337,280,302,null,300,324,149,203,259]
["Tucson, AZ",457,340,449,536,689,297,450,null,null,null,457,415,464,659,477,397,615,306,661,718,360,566,529,952,214,894,466,316,535,459,544,442,536,335,521,946,371,724,956,462,262,621,546,null,214,540,920,274,569,null,155,543,427,482,514,631,371,621,600,436,487,599,null,null,116,781,547,675,615,246,463,645,391,867,null,510,518,310,199,371,636,579,601,300,null,577,353,478,290]
["Tucumcari, NM",161,238,174,394,115,329,206,null,null,null,350,208,189,124,242,180,274,310,163,112,250,83,254,476,363,397,177,326,193,154,228,353,82,311,159,449,251,408,458,184,360,102,204,null,401,249,703,304,107,null,423,201,199,255,183,184,241,293,138,164,138,287,null,null,592,284,92,178,204,380,188,92,209,571,null,167,60,332,410,251,137,185,259,324,577,null,223,98,324]
["Tularosa, NM",104,13,198,315,336,105,116,null,null,null,373,163,212,299,153,45,311,86,302,337,26,213,277,597,139,535,121,101,230,140,208,377,183,312,203,587,252,464,597,128,114,268,194,null,177,224,700,80,210,null,199,238,176,165,181,278,18,292,241,127,156,283,null,null,467,422,194,316,304,248,212,286,38,646,null,204,165,108,191,120,277,275,297,149,353,223,null,125,305]
["Vaughn, NM",96,138,102,365,211,230,142,null,null,null,278,108,117,220,178,81,202,211,177,211,151,118,182,568,264,410,119,226,121,64,234,282,58,240,94,547,180,355,472,126,240,175,212,null,301,250,681,205,85,null,324,129,127,190,191,218,142,303,116,65,67,298,null,null,520,297,127,191,179,260,117,161,110,608,null,95,40,233,290,130,152,166,188,203,478,98,125,null,253]
["Zuni, NM",349,319,154,596,437,356,395,null,null,null,162,163,166,446,431,261,261,365,363,420,331,370,185,798,281,597,372,376,237,205,487,147,310,37,224,773,76,370,658,379,295,424,465,null,244,503,934,332,272,null,263,245,153,443,444,470,322,556,303,206,189,551,null,null,280,484,380,378,318,136,157,347,291,861,null,213,266,370,229,187,338,282,246,259,290,324,305,253]
[]
[]
["=ROUND(CONVERT(Travel(\"distance\",$A35,B$6,\"driving\"),\"m\",\"mi\"),0)"]
[]
[]
[]
[]
[]
[]
[]
[]
[]
["Airports"]
[]
[{"$f":"A9","v":"Albuquerque, NM"}]
[{"$f":"A11","v":"Amarillo, TX"}]
[{"$f":"A34","v":"El Paso, TX"}]
["Hobbs, NM"]
[{"$f":"A62","v":"Lubbock, TX"}]
[{"$f":"A64","v":"Midland, TX"}]
["Orlando, FL"]
["Santa Fe, NM"]
["Roswell, NM"]